k - 2 = 0. Suppose w*f + 2833 = 4*l, 5*l - 3*f = 3*l + 1421. Is l a prime number?
False
Let i(x) = 708*x**2 - 10*x - 74. Let w(t) = 142*t**2 - 2*t - 15. Let g(k) = 3*i(k) - 14*w(k). Is g(-5) prime?
False
Suppose 33*w - 31*w = 3942. Let y = w + -3341. Let r = -829 - y. Is r a prime number?
True
Suppose 18*x + 39488 + 726250 = 0. Let m = -24324 - x. Is m a prime number?
True
Suppose -517*y = -516*y + 5*w + 22, -5*w - 37 = -4*y. Let f(h) be the first derivative of 3*h**4/4 - 2*h**3/3 + 3*h**2/2 - h + 2. Is f(y) composite?
False
Let d be ((-2)/(-3))/((-1)/(-438)). Let t = -1497 - -750. Let m = d - t. Is m a prime number?
True
Let w = 48 - -77249. Is w prime?
False
Let f(t) = 11*t**2 - 11*t - 20. Let y be f(14). Let z = y - 1381. Suppose z + 184 = 5*n. Is n a composite number?
False
Is 2/2*(-3801474)/(-90)*5 a composite number?
False
Let i = -244 + 550. Is (463900/34 - 36/i) + -1 a prime number?
False
Suppose 2*d - 17 = -3*x, 11*d + 1 = 12*d - x. Is d/(-3)*162231/(-68) a composite number?
False
Let c be (-13)/26 + 2/(-4). Let r be ((-12)/(-9) + c)/(1/9465). Suppose -7*q + 2*q + r = 0. Is q a prime number?
True
Is (-4)/38 - (-2785984)/1216 a prime number?
False
Let v(w) = 302*w**2 - 19*w + 10. Let c(m) = -303*m**2 + 19*m - 10. Let f(o) = -6*c(o) - 5*v(o). Let l be f(5). Suppose -4*x = x - l. Is x composite?
False
Suppose -3*r - r = -3*n + 121607, 3*n = -5*r - 152002. Is (-4)/(-10) - r/35 composite?
True
Suppose 0 = -0*m - 4*m - 2*u + 10, 5*m - u + 5 = 0. Let p be ((-2)/4 - m)/((-6)/(-144)). Let i(o) = 8*o**2 + 13*o - 19. Is i(p) a prime number?
True
Suppose -4*k + 510 + 250 = 0. Suppose 3*q - 11 = -i, -q - 24 + 23 = -2*i. Suppose 0 = q*c + 4*n - 781, -4*c - 3*n = k - 1236. Is c composite?
False
Let z(m) = 9*m**2 - 81*m + 76. Let b be z(39). Suppose 0 = 33*t - 31*t - b. Is t composite?
False
Suppose 69*c = 104*c - 3946915. Is c prime?
False
Suppose -403*j + 4*v = -408*j + 1884847, -v + 3 = 0. Is j a prime number?
False
Suppose 23*j = -23*j + 56*j - 14781190. Is j prime?
True
Let a(f) = 341*f**2 + f - 3. Let s be a(1). Suppose -7735 = -t - 4*p, 2*t - 2*p - 15101 - s = 0. Is t a prime number?
True
Let t be (-12)/(-28) + 2/(-28)*-23178. Suppose -5*k + 6019 = 4*s - 500, -4*k - t = -s. Suppose h + s = 3*h. Is h a prime number?
False
Suppose 3*f = 5*h + 184309 - 657116, -94575 = -h + 4*f. Is h a prime number?
True
Let u(d) = 275*d**3 - 3*d**2 + 10*d - 31. Let f be u(5). Suppose -5*t + 34311 = -0*t + 2*q, -5*t + 2*q = -f. Is t composite?
False
Suppose c - 11233 = r + 7914, 0 = -4*c - 3*r + 76574. Suppose 31905 = 5*h - 11*f + 6*f, -3*h + 2*f = -c. Is h composite?
True
Let n(p) = p**3 + 18*p**2 + 11*p - 81. Let l be n(-17). Is 32233/l - 22/(-231) prime?
False
Suppose 1999 = -6*q + 5*q + 4*c, -3*c = q + 1992. Is 2/12 - q/18 a composite number?
True
Let t be 8022/(-5)*(5950/(-20))/17. Suppose -142803 = -6*j - t. Is j prime?
True
Let p(a) = -a**3 - 11*a**2 - 5*a + 11. Let d(k) = k**2 + k. Let b(u) = 4*d(u) + p(u). Let s be b(-7). Is (-8182)/(-24)*10 - 3/s composite?
True
Let a be (-3)/33 + -2 + 1215/55. Suppose 5*t = a*t - 101955. Is t a composite number?
True
Let g(f) = 16*f - 219. Let b be 6/24*266*(-20)/(-35). Is g(b) a prime number?
True
Let x = 25 - 23. Is (x + 0 + 1)*2939/3 a prime number?
True
Let x be ((1 + 0)/2)/((-4)/(-16)). Let i be (x/(-4))/((-1)/(-162)). Let d = -62 - i. Is d composite?
False
Let u = 9163 + 42046. Is u composite?
True
Let h(x) = 2*x**2 + x - 6. Let u be h(2). Suppose 5*b + 3*a - 2*a = 55413, u*b + 5*a = 44322. Is b prime?
True
Let g(i) = -3667*i**3 + 7*i**2 + 27*i + 62. Is g(-5) a prime number?
True
Let t = -9 - -20. Suppose 5*z - 174 = t. Suppose -36*f - 1693 = -z*f. Is f prime?
True
Suppose -2*u = -51 + 59. Is (-798 - u)/((-1 - 0)*1) prime?
False
Suppose -x + 20 = -4*h, 4*x + 3 = 3*h + 44. Suppose -2*p = x*i - 7*i - 3, -3 = 4*i + 5*p. Let z(m) = -127*m + 18. Is z(i) a prime number?
True
Is 2*(2 - (34/323 + 1316989/(-38))) a composite number?
True
Let j be -5 + -7*(-18)/42. Is (17/34)/(j/(-63268)) a composite number?
False
Let m = -79 - -73. Let p = 8 + m. Suppose -5*a = p*s - 52, -a + 26 = s - 5*a. Is s prime?
False
Suppose -2*o = 5*w - 46, 5*o - 86 + 17 = -w. Let c(f) = 8*f**2 - 15*f + 21. Let a be c(o). Let r = 1765 - a. Is r composite?
False
Is (-10)/4*(10898696/120)/(5/(-30)) a prime number?
True
Let q(i) = 3952*i + 24. Let a be q(-7). Let w = a - -57596. Suppose -10*g + 88686 = w. Is g a prime number?
False
Let q(m) = 21*m + 14. Let a be q(8). Let o = a - -500. Suppose 2*x - o = 1152. Is x composite?
True
Let n be -13*(-1 - (-6 + 4)). Let v(x) = -192*x - 5. Is v(n) a prime number?
False
Suppose 2*a + 21*a - 39*a = -4370032. Is a composite?
False
Is (-48)/(-32) - (-14357850)/12 a prime number?
False
Suppose -3*t = 4*t - 2170. Suppose -n = -3*y + 3*n - 187, -5*y + 5*n - t = 0. Let j = 192 + y. Is j a composite number?
False
Suppose -q = -4*l - 12117, 2*l + 0*l - q = -6061. Let i = l - -4800. Suppose -s = a - i, -2*s + 3299 = 5*a - 230. Is s composite?
False
Let b(l) = -3*l + 18. Let i be b(7). Is 161 - (-1)/(i*4/(-24)) prime?
True
Let s(p) = 33*p**2 + 8*p + 9. Suppose -5*v - q + 13 = 0, -v + 19 = 4*v + 3*q. Let j(d) = d**2 - 2*d - 4. Let i be j(v). Is s(i) a composite number?
True
Let l = 127 + -117. Is (l/(-30) - (-5906)/3)*3 a composite number?
True
Let g be (2/(-4))/1*-34. Let y = g - 15. Suppose -y*j + j - 3*m = -1850, -2*j = 3*m - 3685. Is j prime?
False
Suppose -2*h = -4, -2*h + 0*h = 4*c + 1424. Let t = 1170 + c. Is t prime?
False
Let q = -7 - 3. Let b be (-1)/(-5) + 0 - 38/q. Suppose -544 = -b*l + 36. Is l composite?
True
Suppose -19*x - 28920 = -11*x. Let r = 6929 + x. Suppose -g + r = g. Is g a composite number?
False
Suppose -19*l - 26872420 = -180*l - 11*l. Is l prime?
False
Let n = 139386 - 42019. Is n a composite number?
False
Let f = 4726 - -22081. Is f a composite number?
True
Is -274*(-8 - (6850/20 + 0)) a prime number?
False
Suppose 4*o - 37850 = -4*w + 2*w, -o = -w + 18916. Is w composite?
False
Let a(y) = 18371*y**2 + 464*y - 2759. Is a(6) a composite number?
True
Let z = 104 + -2920. Let m = z - -4115. Is m prime?
False
Let x(u) = -304*u - 316. Let t(m) = -76*m - 79. Let b(c) = -9*t(c) + 2*x(c). Is b(12) prime?
True
Let x(d) = 3*d**2 - 51*d - 1. Let g(f) = f**3 - 18*f**2 + 21*f - 47. Let r be g(17). Is x(r) prime?
True
Let n be 343/28 + (-1)/4. Suppose n*p = 14 + 10. Suppose 4*f - 4103 = -v, -11 + p = -3*f. Is v composite?
False
Suppose -t + 8 = -5*d - 9, 4*t + 3*d = 22. Suppose t*j + j = 5064. Is j a composite number?
True
Suppose 5*t - 10518 = -303. Let w = t - 976. Is w composite?
True
Let k(f) = -2*f**3 + 9*f**2 + 4*f + 9. Let b be k(5). Suppose -3*w + 376 = -l, 0*w + b*w + 2*l = 518. Is w a composite number?
False
Suppose 10347377 = 221*k - 9445604. Is k composite?
False
Let n(g) = -114*g**3 - 9*g**2 + 26*g - 63. Is n(-10) a prime number?
False
Is (0 - -1)/(((-14)/14)/(-41911)) composite?
False
Let p(z) = z + 27. Let u be p(-32). Is 2/((-5736)/(-1144) + u) a composite number?
True
Let i = -244323 - -661282. Is i a prime number?
False
Let o = -5593 - -3510. Let c(n) = -236*n**2 - 36*n + 6. Let g be c(-4). Let u = o - g. Is u prime?
True
Suppose 0 = -5*o + o + 12. Suppose 0 = -o*i + 2*w + 509, 5*w - 839 = -5*i + 6*w. Is i composite?
False
Is (-399368)/(-7) + 132/308 a composite number?
True
Let g(p) = 85*p**2 + 10*p - 14. Let h be g(9). Suppose 23*i - 22*i + 4*w = 2313, w - h = -3*i. Is i prime?
False
Let z be 12 + -4 + -6 - -3861. Let t = 6414 - z. Is t prime?
True
Suppose 17*k - 427591 - 2971542 = 0. Is k a composite number?
True
Is 2/(-4)*(-22 + -8)/(-15) - -206838 composite?
True
Suppose -191*f + 183*f = -313008. Suppose -f - 8164 = -10*n. Is n prime?
True
Let q(o) = -147*o - 9. Let x(c) = c. Let d(p) = 439*p + 26. Let g(m) = d(m) + 2*x(m). Let b(h) = -4*g(h) - 11*q(h). Is b(-1) prime?
False
Let d = 81735 - 36922. Is d a prime number?
False
Is 4/1*14163/6 composite?
True
Let c = 101 - -15. Let q = 112 - c. Let y(l) = -540*l - 31. Is y(q) a composite number?
False
Let d be 2/(-3)*(-3)/1. Suppose -3*l = -d*l - 2435. Suppose -4*u + l + 89 = 0. Is u composite?
False
Let g(s) = -3 + 4 + 1 - 10*s + 1. Suppose -26 + 6 = 4*c. Is g(c) a composite number?
False
Let p(n) = n**3 - 3*n**2 - 4*n - 2. Let b be